its digit of 792?
2
What is the units digit of 21755?
5
What is the hundreds digit of 6048?
0
What is the thousands digit of 23748?
3
What is the tens digit of 574?
7
What is the tens digit of 11348?
4
What is the hundreds digit of 1525?
5
What is the tens digit of 31680?
8
What is the units digit of 3430?
0
What is the units digit of 1828?
8
What is the units digit of 4?
4
What is the units digit of 7415?
5
What is the tens digit of 1151?
5
What is the ten thousands digit of 19531?
1
What is the hundreds digit of 514?
5
What is the thousands digit of 6329?
6
What is the ten thousands digit of 33679?
3
What is the units digit of 1653?
3
What is the tens digit of 1035?
3
What is the tens digit of 24987?
8
What is the tens digit of 740?
4
What is the ten thousands digit of 37142?
3
What is the hundreds digit of 83512?
5
What is the units digit of 12104?
4
What is the tens digit of 3708?
0
What is the ten thousands digit of 17145?
1
What is the units digit of 160579?
9
What is the thousands digit of 2552?
2
What is the hundreds digit of 5088?
0
What is the tens digit of 2212?
1
What is the thousands digit of 69657?
9
What is the hundreds digit of 7911?
9
What is the thousands digit of 4659?
4
What is the thousands digit of 119837?
9
What is the units digit of 40626?
6
What is the tens digit of 47442?
4
What is the hundreds digit of 723?
7
What is the hundreds digit of 26617?
6
What is the hundreds digit of 125038?
0
What is the units digit of 33487?
7
What is the tens digit of 16824?
2
What is the thousands digit of 1038?
1
What is the hundreds digit of 3589?
5
What is the thousands digit of 112097?
2
What is the hundreds digit of 79625?
6
What is the tens digit of 88?
8
What is the thousands digit of 10196?
0
What is the hundreds digit of 16215?
2
What is the units digit of 641?
1
What is the units digit of 150727?
7
What is the units digit of 55386?
6
What is the hundreds digit of 25771?
7
What is the hundreds digit of 8207?
2
What is the tens digit of 1285?
8
What is the thousands digit of 6420?
6
What is the thousands digit of 8100?
8
What is the units digit of 934?
4
What is the units digit of 6928?
8
What is the units digit of 84703?
3
What is the tens digit of 57389?
8
What is the tens digit of 6417?
1
What is the units digit of 67452?
2
What is the tens digit of 256?
5
What is the hundreds digit of 1110?
1
What is the hundreds digit of 91712?
7
What is the hundreds digit of 2495?
4
What is the hundreds digit of 116?
1
What is the hundreds digit of 1907?
9
What is the units digit of 13546?
6
What is the units digit of 936?
6
What is the units digit of 43140?
0
What is the thousands digit of 41452?
1
What is the thousands digit of 5825?
5
What is the tens digit of 3112?
1
What is the hundreds digit of 85165?
1
What is the thousands digit of 11220?
1
What is the hundreds digit of 343?
3
What is the tens digit of 1112?
1
What is the hundreds digit of 19471?
4
What is the thousands digit of 16944?
6
What is the tens digit of 17544?
4
What is the tens digit of 10921?
2
What is the units digit of 7032?
2
What is the hundreds digit of 2508?
5
What is the tens digit of 428?
2
What is the hundred thousands digit of 137491?
1
What is the units digit of 1885?
5
What is the hundreds digit of 12979?
9
What is the hundreds digit of 23385?
3
What is the units digit of 14398?
8
What is the units digit of 1179?
9
What is the tens digit of 284?
8
What is the hundreds digit of 1369?
3
What is the units digit of 3937?
7
What is the hundreds digit of 1898?
8
What is the units digit of 11559?
9
What is the units digit of 5211?
1
What is the hundreds digit of 15854?
8
What is the tens digit of 838?
3
What is the units digit of 525?
5
What is the hundreds digit of 3252?
2
What is the units digit of 883?
3
What is the thousands digit of 3625?
3
What is the tens digit of 122306?
0
What is the units digit of 17795?
5
What is the units digit of 3777?
7
What is the tens digit of 742?
4
What is the ten thousands digit of 24493?
2
What is the thousands digit of 1269?
1
What is the thousands digit of 29338?
9
What is the thousands digit of 6897?
6
What is the tens digit of 8676?
7
What is the thousands digit of 1342?
1
What is the thousands digit of 9088?
9
What is the hundreds digit of 5089?
0
What is the thousands digit of 1469?
1
What is the hundreds digit of 356?
3
What is the tens digit of 2969?
6
What is the tens digit of 782?
8
What is the hundreds digit of 1460?
4
What is the hundreds digit of 1410?
4
What is the ten thousands digit of 172092?
7
What is the thousands digit of 1635?
1
What is the units digit of 7032?
2
What is the units digit of 6697?
7
What is the units digit of 5339?
9
What is the hundreds digit of 69049?
0
What is the thousands digit of 1758?
1
What is the thousands digit of 69485?
9
What is the hundreds digit of 1303?
3
What is the units digit of 440?
0
What is the tens digit of 694?
9
What is the hundreds digit of 17438?
4
What is the thousands digit of 2890?
2
What is the tens digit of 544?
4
What is the hundreds digit of 3917?
9
What is the ten thousands digit of 11204?
1
What is the tens digit of 1367?
6
What is the tens digit of 3605?
0
What is the tens digit of 2732?
3
What is the thousands digit of 4537?
4
What is the tens digit of 97840?
4
What is the thousands digit of 7680?
7
What is the thousands digit of 18193?
8
What is the tens digit of 24745?
4
What is the thousands digit of 93956?
3
What is the tens digit of 6420?
2
What is the ten thousands digit of 41239?
4
What is the tens digit of 18201?
0
What is the thousands digit of 13674?
3
What is the tens digit of 1173?
7
What is the units digit of 3093?
3
What is the thousands digit of 1203?
1
What is the hundreds digit of 4432?
4
What is the tens digit of 14568?
6
What is the tens digit of 23541?
4
What is the hundreds digit of 3273?
2
What is the units digit of 8537?
7
What is the hundreds digit of 954?
9
What is the hundreds digit of 35298?
2
What is the tens digit of 128599?
9
What is the ten thousands digit of 15559?
1
What is the hundreds digit of 27300?
3
What is the hundreds digit of 8209?
2
What is the units digit of 692?
2
What is the units digit of 957?
7
What is the tens digit of 542?
4
What is the units digit of 6602?
2
What is the units digit of 909?
9
What is the thousands digit of 4066?
4
What is the tens digit of 2412?
1
What is the thousands digit of 9586?
9
What is the tens digit of 2932?
3
What is the tens digit of 2604?
0
What is the thousands digit of 16854?
6
What is the units digit of 18184?
4
What is the units digit of 22711?
1
What is the tens digit of 113183?
8
What is the units digit of 2629?
9
What is the thousands digit of 13982?
3
What is the thousands digit of 3129?
3
What is the thousands digit of 31646?
1
What is the hundreds digit of 989?
9
What is the tens digit of 142412?
1
What is the hundreds digit of 251?
2
What is the hundreds digit of 6753?
7
What is the hundreds digit of 577?
5
What is the tens digit of 1168?
6
What is the units digit of 46?
6
What is the hundred thousands digit of 170223?
1
What is the hundreds digit of 36324?
3
What is the units digit of 194?
4
What is the thousands digit of 3459?
3
What is the hundreds digit of 3594?
5
What is the units digit of 5955?
5
What is the units digit of 6885?
5
What is the units digit of 420?
0
What is the hundreds digit of 253?
2
What is the units digit of 3168?
8
What is the units digit of 1750?
0
What is the tens digit of 880?
8
What is the hundreds digit of 5086?
0
What is the units digit of 774?
4
What is the tens digit of 1059?
5
What is the units digit of 4103?
3
What is the tens digit of 7434?
3
What is the tens digit of 44740?
4
What is the hundreds digit of 1330?
3
What is the thousands digit of 36838?
6
What is the units digit of 986?
6
What is the tens digit of 2359?
5
What is the hundreds digit of 24581?
5
What is the thousands digit of 4090?
4
What is the hundreds digit of 192?
1
What is the tens digit of 78?
7
What is the thousands digit of 1413?
1
What is the thousands digit of 10359?
0
What is the hundreds digit of 1826?
8
What is the tens digit of 6013?
1
What is the hundreds digit of 9686?
6
What is the hundreds digit of 17113?
1
What is the thousands digit of 1931?
1
Wh